-q*r. Is r a prime number?
False
Let r = 37 - 34. Let u be -3*r*(-2)/6. Suppose -7*x + u*z + 621 = -4*x, 4*x = -3*z + 800. Is x prime?
False
Let l(j) be the first derivative of 10307*j**3/3 - 13*j**2/2 - 13*j + 131. Is l(-1) prime?
False
Let x = 4 - -51. Suppose -6*z + z = -x. Suppose -110 + 3751 = z*b. Is b a composite number?
False
Suppose 35*k = 34*k + 3*d + 25564, 2*d - 25539 = -k. Is k a composite number?
True
Suppose 0 = -99*m + 95*m - 5*g + 163516, 5*m - 2*g = 204395. Is m composite?
False
Suppose -45 - 37 = -41*m. Is -1 + m + 1098*20 a prime number?
True
Suppose -2*h + 84 = -4*b, 2*b + 3*b = 15. Let q be ((-2032)/h)/((-1)/(-3) + 0). Let y = q - -668. Is y prime?
True
Suppose 128 = -5*x + 2*s - 15486, -x - 3127 = s. Let m = x - -4785. Is m prime?
False
Suppose -10*m + 324 = 364. Is m + (-1)/((-3)/29949) prime?
False
Suppose -861124 = 91*q - 135*q. Is q composite?
False
Let g = -8 - -11. Let j(h) = -27*h - 2. Let z be j(g). Let n = 118 - z. Is n prime?
False
Is 48 - 18 - 40 - 69003/(-1) composite?
False
Suppose 5*l + 4*q = 38, 3*l - 4*q - 4 = l. Let j(m) = 7257*m + 61. Is j(l) a prime number?
False
Let n(y) = -13442*y**3 - 18*y**2 + 2*y + 27. Is n(-5) a composite number?
True
Suppose -3*d - 9 + 6 = 0. Suppose -5*j = -4*p - 7 - 7, p - 16 = -2*j. Is 354/4*d/(j/(-116)) prime?
False
Let r(m) = 5889*m**2 - 216*m - 14. Is r(9) prime?
True
Let x = 4049 - 2161. Let k = x + -891. Is k composite?
False
Suppose -71*g - 354689 = -5*f - 72*g, -3*f = -2*g - 212803. Is f a prime number?
True
Is (-4)/14 + ((-46899391)/(-231))/((-7)/(-15)) composite?
False
Suppose 0*v + 2363054 = 24*v - 4896538. Is v composite?
False
Let u(t) = -48*t + 9 - 42*t - 185*t + 21*t. Let a be u(-3). Suppose -10*c = -7*c - a. Is c prime?
True
Suppose r = -4*s + 1321427, 0*s + 991069 = 3*s + 2*r. Is s prime?
False
Suppose 0 = -31*l + 20*l - 220. Is 1/(-1)*l*6957/36 composite?
True
Let z = 111376 - 34581. Is z a composite number?
True
Let q be (5/(-3) - -2) + 14/3. Suppose 0 = q*o + 2*c - 21, 3*c - 14 = -4*o. Suppose 0 = -o*r - 2*z + 4615, -r - r - 3*z + 1846 = 0. Is r prime?
False
Suppose 13*s - 9*s = 92. Suppose 24*q - 4 = s*q. Suppose -q*t + 4390 + 166 = 0. Is t composite?
True
Suppose 77613 = 3*f + 3*a, -a + 100175 = 3*f + 22562. Is f a prime number?
False
Suppose 0 = -j + m + 46442, 5*j + 69*m = 71*m + 232201. Is j prime?
True
Is 328/6*-3*(5 - (-374992)/(-64)) prime?
False
Let b(m) = 1876*m**2 + 7*m - 75. Let o be b(9). Suppose 0 = -28*i - 33588 + o. Is i composite?
True
Let t(g) = -g**3 - 5*g + 20 - 6*g**2 + 20 - 27. Is t(-14) prime?
False
Let n = 33 + -29. Suppose 0 = -4*j - 5*r + 46, 1 = j - n*r - 0. Suppose j*z - 6*z - 1455 = 0. Is z a composite number?
True
Let f(z) be the second derivative of 11*z**4/4 + 2*z**3/3 + 6*z**2 - 143*z. Let r be (33/(-9))/(2/(-6)). Is f(r) composite?
False
Suppose -495 = -4*y + 1837. Let u = -3 + 3. Suppose u = 3*z - 5*c - y, -z = -5*z + 3*c + 770. Is z prime?
True
Let w(x) = -11843*x + 748. Is w(-9) a composite number?
True
Suppose 0 = -4*f - 2*i + 763928, 0 = 13*f - 16*f + 2*i + 572925. Is f composite?
False
Let m(g) = g**3 + 13*g**2 - 2*g - 11. Let s be m(-13). Suppose -2*v + 24 = 4*q, s + 6 = v + 5*q. Suppose -2*j + 3*h = -985, 2454 = -j + v*j + h. Is j composite?
False
Is (-150)/(-25) - 150643*-1 a prime number?
True
Is 45943*(-2)/(-2)*-1*(-3 - -2) composite?
False
Suppose 0 = -6*z + 3*z. Let a be (1 - z)/(14/994). Let k = -18 + a. Is k prime?
True
Let p(r) = r**2 - 4. Let l be p(4). Let y = l + -9. Suppose -2737 - 2966 = -y*s. Is s a prime number?
True
Is 74/(3 + 69615/(-23211)) prime?
False
Let z be ((-20)/(74 + -14))/((-1)/21). Suppose -b + x = -1057, 3*b - 4*x - 2108 = 1061. Suppose 3*o - r - 637 = 0, -2*o + z*o = r + b. Is o a prime number?
True
Let m(f) = 3*f + 77. Let s be m(-24). Let o be (2 - s) + -35*4*-15. Let b = o + -460. Is b a prime number?
True
Let v(n) = -940 + 15*n - 3*n - 10*n**3 + 6*n**2 + 941. Is v(-7) composite?
True
Let v be ((-3)/(-9) + -3)*45/(-12). Suppose v*r - 31045 = 4585. Is r a composite number?
True
Let y = -695722 + 1368819. Is y composite?
True
Let y = -104999 - -201600. Is y a prime number?
True
Suppose 6258*s = 6247*s + 912043. Is s prime?
True
Suppose 4*i + 3*m - 2787395 = 0, 0 = -2*i + 21*m - 18*m + 1393675. Is i a prime number?
False
Suppose -3*k = 5*d - 90, -3*k = -k. Let z(y) = 40*y - 7 - d - 9*y. Is z(8) composite?
False
Suppose -21*i = 7855 + 10814. Is 8 + -1 - i - 1 composite?
True
Let b = 750 + 3145. Suppose 0 = -3*p - 2*p + b. Is p a composite number?
True
Suppose 13*k + v = 10*k + 16163, 0 = k + v - 5389. Is k a composite number?
False
Let p = -975 + 972. Suppose 3*n = -w + 5, 5*n = 2*w - 4*w + 10. Is n - (-2470 + 0 + p) a prime number?
True
Let z(w) = -w**3 - 21*w**2 - 27*w - 46. Is z(-23) composite?
True
Suppose 0 = 9*u + 3*u - 564. Let j = u - -32. Is j prime?
True
Let m be 1180/150 - 6/(-45). Let b(d) = m*d + 82*d - d. Is b(1) composite?
False
Let w = 1299 - 775. Let h = 6985 + w. Is h a prime number?
False
Suppose -5*i + 98 = 9*i. Let q be -22 + (2 - (5 - i)). Is 54 + (14/(-42))/(2/q) a composite number?
True
Let d(c) = 78 + 74 - 162 - 51*c. Let b(a) = a - 1. Let f(r) = -b(r) + d(r). Is f(-5) a prime number?
True
Suppose 2 = 2*s, -a - 2*s = -2*a + 2. Suppose -a*h + 5*h = 553. Is h prime?
False
Let y be 9513/12 - 6/(-24). Let q = 5306 - y. Is q a composite number?
False
Suppose 5*s - 4*o - 2872713 = 321122, o + 2555068 = 4*s. Is s a composite number?
False
Suppose -4*z - 8 = 0, -4*o + 16*z = 14*z - 10968. Is o a composite number?
False
Suppose 0 = -65*h + 67*h - 50. Suppose 31*s - 26*s = h. Suppose 0 = -2*m + 11 - 3, 0 = 3*c + s*m - 5099. Is c a prime number?
True
Suppose -3*c + 316545 = -a, 422092 = 4*c + 215*a - 211*a. Is c a prime number?
True
Let g(i) = 4*i**3 - 14*i**2 + 12*i + 80. Let b(a) = -a**2 + a + 1. Let c(h) = -3*b(h) + g(h). Is c(11) a prime number?
False
Is (3 + 2)*(-485752)/(-40) a composite number?
False
Let t(b) be the third derivative of 3*b**5/5 + b**4/12 - 79*b**3/6 - 8*b**2 + 3. Is t(12) a composite number?
True
Let j(q) = -972*q**2 - q - 4. Let l be j(-2). Let h = l - -24367. Is h a prime number?
True
Let n = 54877 - 32696. Is n composite?
True
Is 1297337/8 + -3 + 5 + 23/(-184) prime?
False
Let u(i) = 51*i**2 + 44*i - 474. Is u(17) a prime number?
True
Let z(h) = h + 1. Let w(i) = -346*i + 7. Let u(d) = -w(d) + 3*z(d). Let l = 21 - 18. Is u(l) prime?
False
Suppose -30 = -5*d + 2*b, 18 + 11 = 3*d + b. Let c(z) = 27*z + 42. Let q(v) = 40*v + 63. Let i(g) = 8*c(g) - 5*q(g). Is i(d) a prime number?
True
Suppose 4*d = -4*v + 371 + 1813, -4*v + 2725 = 5*d. Suppose i - d = 2*b, 4*b - 799 = 3*i - 2422. Is i prime?
True
Is (-2)/(-8) + (-681605)/(-92) composite?
True
Let k(c) = -21*c**2 - 14*c + 3. Let t be k(-6). Let f be t/(-15) + (-14)/(-35). Is (f/(-10) + 4)*(-4106 - 0) composite?
False
Let c(n) = -5*n**2 - 20*n + 3. Let z be c(-4). Is (-502110)/(-27) + (-5)/z composite?
True
Let w(q) = q**3 + q**2 - 18*q - 27. Let a be w(-18). Let z be (a/54)/(1/(-16)). Suppose -12*m + z = -1468. Is m composite?
False
Let c(r) = 2130*r - 2017. Is c(56) composite?
True
Suppose 0 = -18*w - 53505 + 207333. Suppose 5*c - 18*k - 42726 = -19*k, -k = c - w. Is c a prime number?
False
Let h(d) = -3*d + 343*d**3 + 6 - 158*d**3 - 150*d**3 - d**2. Is h(5) prime?
False
Let m be (-8 + 6)/(2/(-5463)). Suppose g + 4263 = -3*p, -3*p - 5*g - m + 1212 = 0. Let h = p - -2461. Is h prime?
True
Let o = -70805 - -404074. Is o prime?
True
Let x(v) = -795*v + 218. Let n be x(-7). Let b = 6006 + n. Is b a composite number?
False
Suppose -5*y + 40 + 548 = -4*b, -b + 3 = 0. Let p be (-1080)/14 - ((-12)/3)/28. Let z = p + y. Is z prime?
True
Suppose b - 36573 = 4*v, -2*b + 73188 = -113*v + 111*v. Is b a composite number?
True
Let i be ((-11644)/(-287))/(2/7). Suppose 0 = -i*v + 145*v - 24285. Is v composite?
True
Suppose 15215553 + 14256042 + 3650476 = 73*c. Is c a prime number?
False
Let x(d) = -4*d**3 - 4*d**3 + 281 + 5*d**2 - 270. Is x(-6) a composite number?
True
Let q = 492371 + -280878. Is q a composite number?
False
Let u = -127 + 129. Suppose -4*h + 11796 = 4*m, -u*h + 2941 = -h + 3*m. Is h a composite number?
False
Let s(b) = -151*b + 500. Let q be s(13). Let x(j) = -24*j**2 - 4*j - 2. Let a be x(4).